{"id":4017,"date":"2024-09-05T15:46:11","date_gmt":"2024-09-05T08:46:11","guid":{"rendered":"https:\/\/bghome.vn\/cua-go\/?post_type=product&#038;p=4017"},"modified":"2024-09-05T15:46:15","modified_gmt":"2024-09-05T08:46:15","slug":"cua-carbon-bgdoor-mau-c1a","status":"publish","type":"product","link":"https:\/\/bghome.vn\/cua-go\/san-pham\/cua-carbon-bgdoor-mau-c1a\/","title":{"rendered":"C\u1eeda Carbon BGDOOR m\u1eabu C1A"},"content":{"rendered":"<p><strong>C\u1eeda Carbon<\/strong> kh\u00f4ng ch\u1ec9 l\u00e0 c\u01a1 h\u1ed9i \u0111\u1ec3 b\u1ea3o v\u1ec7 m\u00f4i tr\u01b0\u1eddng, m\u00e0 c\u00f2n l\u00e0 y\u1ebfu t\u1ed1 quy\u1ebft \u0111\u1ecbnh trong vi\u1ec7c ph\u00e1t tri\u1ec3n kinh t\u1ebf xanh v\u00e0 b\u1ec1n v\u1eefng. Nhi\u1ec1u qu\u1ed1c gia v\u00e0 t\u1ed5 ch\u1ee9c qu\u1ed1c t\u1ebf \u0111ang \u0111\u1ea7u t\u01b0 m\u1ea1nh v\u00e0o nghi\u00ean c\u1ee9u v\u00e0 tri\u1ec3n khai c\u00e1c c\u00f4ng ngh\u1ec7 li\u00ean quan \u0111\u1ebfn c\u1eeda Carbon nh\u1eb1m \u0111\u1ea1t \u0111\u01b0\u1ee3c m\u1ee5c ti\u00eau gi\u1ea3m thi\u1ec3u kh\u00ed th\u1ea3i v\u00e0 \u1ee9ng ph\u00f3 v\u1edbi bi\u1ebfn \u0111\u1ed5i kh\u00ed h\u1eadu.<\/p>\n<p>C\u1eeda Carbon l\u00e0m t\u1eeb v\u00e1n s\u1ee3i carbon, \u0111\u01b0\u1ee3c l\u00e0m t\u1eeb s\u1ee3i th\u1ef1c v\u1eadt v\u00e0 s\u1ee3i carbon, sau \u0111\u00f3 k\u1ebft h\u1ee3p v\u1edbi b\u1ed9t g\u1ed7 v\u00e0 c\u00e1c th\u00e0nh ph\u1ea7n kh\u00e1c \u0111\u1ec3 t\u1ea1o n\u00ean t\u1ea5m v\u00e1n carbon. C\u1eeda Carbon c\u00f3 \u0111\u1eb7c t\u00ednh nh\u1eb9, c\u1ee9ng, b\u1ec1n, ch\u1ecbu nhi\u1ec7t cao. So v\u1edbi c\u00e1c lo\u1ea1i v\u00e1n c\u00f3 m\u1eadt \u0111\u1ed9 trung b\u00ecnh kh\u00e1c, t\u1ea5m s\u1ee3i carbon n\u1ed5i b\u1eadt v\u1edbi kh\u1ea3 n\u0103ng ch\u1ed1ng b\u00e1m b\u1ea9n, ch\u1ed1ng tr\u1ea7y x\u01b0\u1edbc v\u00e0 ch\u1ed1ng \u1ea9m v\u01b0\u1ee3t tr\u1ed9i.<\/p>\n<p>Nh\u1edd nh\u1eefng t\u00ednh n\u0103ng v\u01b0\u1ee3t tr\u1ed9i n\u00e0y, t\u1ea5m s\u1ee3i carbon kh\u00f4ng ch\u1ec9 \u0111\u00e1p \u1ee9ng nhu c\u1ea7u s\u1eed d\u1ee5ng m\u00e0 c\u00f2n ho\u00e0n to\u00e0n ph\u00f9 h\u1ee3p v\u1edbi c\u00e1c phong c\u00e1ch thi\u1ebft k\u1ebf n\u1ed9i th\u1ea5t hi\u1ec7n \u0111\u1ea1i, \u0111\u1eb7c bi\u1ec7t l\u00e0 phong c\u00e1ch H\u00e0n Qu\u1ed1c.<br \/>\n\u0110\u1eb7c bi\u1ec7t, s\u1ea3n ph\u1ea9m kh\u00f4ng ph\u00e1t sinh fomandehit, th\u00e2n thi\u1ec7n v\u1edbi m\u00f4i tr\u01b0\u1eddng v\u00e0 an to\u00e0n cho s\u1ee9c kh\u1ecfe &#8211; l\u00fd t\u01b0\u1edfng cho c\u00e1c khu v\u1ef1c nh\u01b0 tr\u01b0\u1eddng h\u1ecdc, b\u1ec7nh vi\u1ec7n, ph\u00f2ng tr\u1ebb em.<\/p>\n<p>M\u00f4 t\u1ea3 quy c\u00e1ch <strong>c\u1eeda Carbon<\/strong>:<br \/>\nC\u00e1nh: d\u00e0y 40mm, khung x\u01b0\u01a1ng g\u1ed7 t\u1ef1 nhi\u00ean gh\u00e9p thanh, t\u1ea5m b\u1ec1 m\u1eb7t v\u00e1n s\u1ee3i Carbon ph\u1ee7 Melamine<br \/>\nKhu\u00f4n d\u00e0y 36mm: MDF ch\u1ed1ng \u1ea9m ph\u1ee7 Melamine 230EV (m\u00e0u \u0111en)<br \/>\nN\u1eb9p d\u00e0y 12mm, r\u1ed9ng 60mm MDF ch\u1ed1ng \u1ea9m ph\u1ee7 Melamine 230EV.<\/p>\n<p>Nh\u1eadn s\u1ea3n xu\u1ea5t \u0111\u01a1n t\u1eeb 05 b\u1ed9 c\u1eeda Carbon tr\u1edf l\u00ean.<\/p>\n","protected":false},"excerpt":{"rendered":"<p>C\u1eeda Carbon kh\u00f4ng ch\u1ec9 l\u00e0 c\u01a1 h\u1ed9i \u0111\u1ec3 b\u1ea3o v\u1ec7 m\u00f4i tr\u01b0\u1eddng, m\u00e0 c\u00f2n l\u00e0 y\u1ebfu t\u1ed1 quy\u1ebft \u0111\u1ecbnh trong vi\u1ec7c ph\u00e1t tri\u1ec3n kinh t\u1ebf xanh v\u00e0 b\u1ec1n v\u1eefng. Nhi\u1ec1u qu\u1ed1c gia v\u00e0 t\u1ed5 ch\u1ee9c qu\u1ed1c t\u1ebf \u0111ang \u0111\u1ea7u t\u01b0 m\u1ea1nh v\u00e0o nghi\u00ean c\u1ee9u v\u00e0 tri\u1ec3n khai c\u00e1c c\u00f4ng ngh\u1ec7 li\u00ean quan \u0111\u1ebfn c\u1eeda Carbon [&hellip;]<\/p>\n","protected":false},"featured_media":4018,"comment_status":"open","ping_status":"closed","template":"","meta":[],"product_cat":[202],"product_tag":[203],"class_list":["post-4017","product","type-product","status-publish","has-post-thumbnail","hentry","product_cat-cua-carbon","product_tag-cua-carbon"],"yoast_head":"<!-- This site is optimized with the Yoast SEO plugin v20.5 - https:\/\/yoast.com\/wordpress\/plugins\/seo\/ -->\n<title>C\u1eeda Carbon BGDOOR m\u1eabu C1A - C\u1eeda g\u1ed7 c\u00f4ng nghi\u1ec7p BGDOOR<\/title>\n<meta name=\"robots\" content=\"index, follow, max-snippet:-1, max-image-preview:large, max-video-preview:-1\" \/>\n<link rel=\"canonical\" href=\"https:\/\/bghome.vn\/cua-go\/san-pham\/cua-carbon-bgdoor-mau-c1a\/\" \/>\n<meta property=\"og:locale\" content=\"vi_VN\" \/>\n<meta property=\"og:type\" content=\"article\" \/>\n<meta property=\"og:title\" content=\"C\u1eeda Carbon BGDOOR m\u1eabu C1A\" \/>\n<meta property=\"og:description\" content=\"C\u1eeda Carbon l\u00e0m t\u1eeb v\u00e1n s\u1ee3i carbon, \u0111\u01b0\u1ee3c l\u00e0m t\u1eeb s\u1ee3i th\u1ef1c v\u1eadt v\u00e0 s\u1ee3i carbon, sau \u0111\u00f3 k\u1ebft h\u1ee3p v\u1edbi b\u1ed9t g\u1ed7 v\u00e0 c\u00e1c th\u00e0nh ph\u1ea7n kh\u00e1c \u0111\u1ec3 t\u1ea1o n\u00ean t\u1ea5m v\u00e1n carbon\" \/>\n<meta property=\"og:url\" content=\"https:\/\/bghome.vn\/cua-go\/san-pham\/cua-carbon-bgdoor-mau-c1a\/\" \/>\n<meta property=\"og:site_name\" content=\"C\u1eeda g\u1ed7 c\u00f4ng nghi\u1ec7p BGDOOR\" \/>\n<meta property=\"article:modified_time\" content=\"2024-09-05T08:46:15+00:00\" \/>\n<meta property=\"og:image\" content=\"https:\/\/bghome.vn\/cua-go\/wp-content\/uploads\/sites\/5\/2024\/09\/Cua-Carbon-BGDOOR-1A.jpg\" \/>\n\t<meta property=\"og:image:width\" content=\"700\" \/>\n\t<meta property=\"og:image:height\" content=\"1048\" \/>\n\t<meta property=\"og:image:type\" content=\"image\/jpeg\" \/>\n<meta name=\"twitter:card\" content=\"summary_large_image\" \/>\n<meta name=\"twitter:title\" content=\"C\u1eeda Carbon BGDOOR m\u1eabu C1A\" \/>\n<meta name=\"twitter:image\" content=\"https:\/\/bghome.vn\/cua-go\/wp-content\/uploads\/sites\/5\/2024\/09\/Cua-Carbon-BGDOOR-1A.jpg\" \/>\n<meta name=\"twitter:label1\" content=\"\u01af\u1edbc t\u00ednh th\u1eddi gian \u0111\u1ecdc\" \/>\n\t<meta name=\"twitter:data1\" content=\"2 ph\u00fat\" \/>\n<script type=\"application\/ld+json\" class=\"yoast-schema-graph\">{\"@context\":\"https:\/\/schema.org\",\"@graph\":[{\"@type\":\"WebPage\",\"@id\":\"https:\/\/bghome.vn\/cua-go\/san-pham\/cua-carbon-bgdoor-mau-c1a\/\",\"url\":\"https:\/\/bghome.vn\/cua-go\/san-pham\/cua-carbon-bgdoor-mau-c1a\/\",\"name\":\"C\u1eeda Carbon BGDOOR m\u1eabu C1A - C\u1eeda g\u1ed7 c\u00f4ng nghi\u1ec7p BGDOOR\",\"isPartOf\":{\"@id\":\"https:\/\/bghome.vn\/cua-go\/#website\"},\"datePublished\":\"2024-09-05T08:46:11+00:00\",\"dateModified\":\"2024-09-05T08:46:15+00:00\",\"breadcrumb\":{\"@id\":\"https:\/\/bghome.vn\/cua-go\/san-pham\/cua-carbon-bgdoor-mau-c1a\/#breadcrumb\"},\"inLanguage\":\"vi\",\"potentialAction\":[{\"@type\":\"ReadAction\",\"target\":[\"https:\/\/bghome.vn\/cua-go\/san-pham\/cua-carbon-bgdoor-mau-c1a\/\"]}]},{\"@type\":\"BreadcrumbList\",\"@id\":\"https:\/\/bghome.vn\/cua-go\/san-pham\/cua-carbon-bgdoor-mau-c1a\/#breadcrumb\",\"itemListElement\":[{\"@type\":\"ListItem\",\"position\":1,\"name\":\"Trang ch\u1ee7\",\"item\":\"https:\/\/bghome.vn\/cua-go\/\"},{\"@type\":\"ListItem\",\"position\":2,\"name\":\"C\u1eeda h\u00e0ng\",\"item\":\"https:\/\/bghome.vn\/cua-go\/cua-hang\/\"},{\"@type\":\"ListItem\",\"position\":3,\"name\":\"C\u1eeda Carbon BGDOOR m\u1eabu C1A\"}]},{\"@type\":\"WebSite\",\"@id\":\"https:\/\/bghome.vn\/cua-go\/#website\",\"url\":\"https:\/\/bghome.vn\/cua-go\/\",\"name\":\"C\u1eeda g\u1ed7 c\u00f4ng nghi\u1ec7p BGDOOR\",\"description\":\"M\u1ed9t th\u00e0nh vi\u00ean c\u1ee7a BGHOME\",\"publisher\":{\"@id\":\"https:\/\/bghome.vn\/cua-go\/#organization\"},\"potentialAction\":[{\"@type\":\"SearchAction\",\"target\":{\"@type\":\"EntryPoint\",\"urlTemplate\":\"https:\/\/bghome.vn\/cua-go\/?s={search_term_string}\"},\"query-input\":\"required name=search_term_string\"}],\"inLanguage\":\"vi\"},{\"@type\":\"Organization\",\"@id\":\"https:\/\/bghome.vn\/cua-go\/#organization\",\"name\":\"C\u1eeda g\u1ed7 c\u00f4ng nghi\u1ec7p BGDOOR\",\"url\":\"https:\/\/bghome.vn\/cua-go\/\",\"logo\":{\"@type\":\"ImageObject\",\"inLanguage\":\"vi\",\"@id\":\"https:\/\/bghome.vn\/cua-go\/#\/schema\/logo\/image\/\",\"url\":\"https:\/\/bghome.vn\/cua-go\/wp-content\/uploads\/sites\/5\/2022\/01\/cropped-cropped-logo-512-1-1-300x300-1.png\",\"contentUrl\":\"https:\/\/bghome.vn\/cua-go\/wp-content\/uploads\/sites\/5\/2022\/01\/cropped-cropped-logo-512-1-1-300x300-1.png\",\"width\":300,\"height\":300,\"caption\":\"C\u1eeda g\u1ed7 c\u00f4ng nghi\u1ec7p BGDOOR\"},\"image\":{\"@id\":\"https:\/\/bghome.vn\/cua-go\/#\/schema\/logo\/image\/\"}}]}<\/script>\n<!-- \/ Yoast SEO plugin. -->","yoast_head_json":{"title":"C\u1eeda Carbon BGDOOR m\u1eabu C1A - C\u1eeda g\u1ed7 c\u00f4ng nghi\u1ec7p BGDOOR","robots":{"index":"index","follow":"follow","max-snippet":"max-snippet:-1","max-image-preview":"max-image-preview:large","max-video-preview":"max-video-preview:-1"},"canonical":"https:\/\/bghome.vn\/cua-go\/san-pham\/cua-carbon-bgdoor-mau-c1a\/","og_locale":"vi_VN","og_type":"article","og_title":"C\u1eeda Carbon BGDOOR m\u1eabu C1A","og_description":"C\u1eeda Carbon l\u00e0m t\u1eeb v\u00e1n s\u1ee3i carbon, \u0111\u01b0\u1ee3c l\u00e0m t\u1eeb s\u1ee3i th\u1ef1c v\u1eadt v\u00e0 s\u1ee3i carbon, sau \u0111\u00f3 k\u1ebft h\u1ee3p v\u1edbi b\u1ed9t g\u1ed7 v\u00e0 c\u00e1c th\u00e0nh ph\u1ea7n kh\u00e1c \u0111\u1ec3 t\u1ea1o n\u00ean t\u1ea5m v\u00e1n carbon","og_url":"https:\/\/bghome.vn\/cua-go\/san-pham\/cua-carbon-bgdoor-mau-c1a\/","og_site_name":"C\u1eeda g\u1ed7 c\u00f4ng nghi\u1ec7p BGDOOR","article_modified_time":"2024-09-05T08:46:15+00:00","og_image":[{"width":700,"height":1048,"url":"https:\/\/bghome.vn\/cua-go\/wp-content\/uploads\/sites\/5\/2024\/09\/Cua-Carbon-BGDOOR-1A.jpg","type":"image\/jpeg"}],"twitter_card":"summary_large_image","twitter_title":"C\u1eeda Carbon BGDOOR m\u1eabu C1A","twitter_image":"https:\/\/bghome.vn\/cua-go\/wp-content\/uploads\/sites\/5\/2024\/09\/Cua-Carbon-BGDOOR-1A.jpg","twitter_misc":{"\u01af\u1edbc t\u00ednh th\u1eddi gian \u0111\u1ecdc":"2 ph\u00fat"},"schema":{"@context":"https:\/\/schema.org","@graph":[{"@type":"WebPage","@id":"https:\/\/bghome.vn\/cua-go\/san-pham\/cua-carbon-bgdoor-mau-c1a\/","url":"https:\/\/bghome.vn\/cua-go\/san-pham\/cua-carbon-bgdoor-mau-c1a\/","name":"C\u1eeda Carbon BGDOOR m\u1eabu C1A - C\u1eeda g\u1ed7 c\u00f4ng nghi\u1ec7p BGDOOR","isPartOf":{"@id":"https:\/\/bghome.vn\/cua-go\/#website"},"datePublished":"2024-09-05T08:46:11+00:00","dateModified":"2024-09-05T08:46:15+00:00","breadcrumb":{"@id":"https:\/\/bghome.vn\/cua-go\/san-pham\/cua-carbon-bgdoor-mau-c1a\/#breadcrumb"},"inLanguage":"vi","potentialAction":[{"@type":"ReadAction","target":["https:\/\/bghome.vn\/cua-go\/san-pham\/cua-carbon-bgdoor-mau-c1a\/"]}]},{"@type":"BreadcrumbList","@id":"https:\/\/bghome.vn\/cua-go\/san-pham\/cua-carbon-bgdoor-mau-c1a\/#breadcrumb","itemListElement":[{"@type":"ListItem","position":1,"name":"Trang ch\u1ee7","item":"https:\/\/bghome.vn\/cua-go\/"},{"@type":"ListItem","position":2,"name":"C\u1eeda h\u00e0ng","item":"https:\/\/bghome.vn\/cua-go\/cua-hang\/"},{"@type":"ListItem","position":3,"name":"C\u1eeda Carbon BGDOOR m\u1eabu C1A"}]},{"@type":"WebSite","@id":"https:\/\/bghome.vn\/cua-go\/#website","url":"https:\/\/bghome.vn\/cua-go\/","name":"C\u1eeda g\u1ed7 c\u00f4ng nghi\u1ec7p BGDOOR","description":"M\u1ed9t th\u00e0nh vi\u00ean c\u1ee7a BGHOME","publisher":{"@id":"https:\/\/bghome.vn\/cua-go\/#organization"},"potentialAction":[{"@type":"SearchAction","target":{"@type":"EntryPoint","urlTemplate":"https:\/\/bghome.vn\/cua-go\/?s={search_term_string}"},"query-input":"required name=search_term_string"}],"inLanguage":"vi"},{"@type":"Organization","@id":"https:\/\/bghome.vn\/cua-go\/#organization","name":"C\u1eeda g\u1ed7 c\u00f4ng nghi\u1ec7p BGDOOR","url":"https:\/\/bghome.vn\/cua-go\/","logo":{"@type":"ImageObject","inLanguage":"vi","@id":"https:\/\/bghome.vn\/cua-go\/#\/schema\/logo\/image\/","url":"https:\/\/bghome.vn\/cua-go\/wp-content\/uploads\/sites\/5\/2022\/01\/cropped-cropped-logo-512-1-1-300x300-1.png","contentUrl":"https:\/\/bghome.vn\/cua-go\/wp-content\/uploads\/sites\/5\/2022\/01\/cropped-cropped-logo-512-1-1-300x300-1.png","width":300,"height":300,"caption":"C\u1eeda g\u1ed7 c\u00f4ng nghi\u1ec7p BGDOOR"},"image":{"@id":"https:\/\/bghome.vn\/cua-go\/#\/schema\/logo\/image\/"}}]}},"_links":{"self":[{"href":"https:\/\/bghome.vn\/cua-go\/wp-json\/wp\/v2\/product\/4017","targetHints":{"allow":["GET"]}}],"collection":[{"href":"https:\/\/bghome.vn\/cua-go\/wp-json\/wp\/v2\/product"}],"about":[{"href":"https:\/\/bghome.vn\/cua-go\/wp-json\/wp\/v2\/types\/product"}],"replies":[{"embeddable":true,"href":"https:\/\/bghome.vn\/cua-go\/wp-json\/wp\/v2\/comments?post=4017"}],"wp:featuredmedia":[{"embeddable":true,"href":"https:\/\/bghome.vn\/cua-go\/wp-json\/wp\/v2\/media\/4018"}],"wp:attachment":[{"href":"https:\/\/bghome.vn\/cua-go\/wp-json\/wp\/v2\/media?parent=4017"}],"wp:term":[{"taxonomy":"product_cat","embeddable":true,"href":"https:\/\/bghome.vn\/cua-go\/wp-json\/wp\/v2\/product_cat?post=4017"},{"taxonomy":"product_tag","embeddable":true,"href":"https:\/\/bghome.vn\/cua-go\/wp-json\/wp\/v2\/product_tag?post=4017"}],"curies":[{"name":"wp","href":"https:\/\/api.w.org\/{rel}","templated":true}]}}